?
-1152
In base 15, what is -4705 + -219?
-491e
In base 4, what is 11 - 2130202022202?
-2130202022131
In base 13, what is -519 - -c329c?
c2a83
In base 16, what is 165b8f6 + 0?
165b8f6
In base 11, what is -1 - 7a98206a?
-7a982070
In base 13, what is 1 + -5586909?
-5586908
In base 9, what is 5 + -142666001?
-142665885
In base 6, what is 21 - 11055404?
-11055343
In base 2, what is -1001100000100011 - 1110000?
-1001100010010011
In base 8, what is 246 + -427734?
-427466
In base 9, what is 8261 - 57?
8203
In base 10, what is 3606274 - -18?
3606292
In base 13, what is 9 + 8024?
8030
In base 13, what is 1 + 1391c52?
1391c53
In base 11, what is 299 - 13384?
-13096
In base 7, what is 33162 + 3442?
36634
In base 5, what is -4241404112 - -3?
-4241404104
In base 16, what is b3f331 + 3?
b3f334
In base 4, what is -1 + 313033313000?
313033312333
In base 15, what is -8a66dd4 + 4?
-8a66dd0
In base 4, what is -12 - -13232123110?
13232123032
In base 4, what is 23012322 - 222230?
22130032
In base 15, what is 840 + -547c3?
-53e83
In base 6, what is 12040010035 - 1?
12040010034
In base 4, what is -21220331121 - 31?
-21220331212
In base 10, what is -271 - -3316?
3045
In base 6, what is 135315044 - 3?
135315041
In base 2, what is 1101000 - 10011111101011001100?
-10011111101001100100
In base 16, what is -58e3 + -116?
-59f9
In base 15, what is -1 - -e245ce?
e245cd
In base 9, what is -870 - -177243?
176263
In base 15, what is -3 + 14d7ea0?
14d7e9c
In base 7, what is 111260233 + 5?
111260241
In base 11, what is -1 - 97657a?
-976580
In base 16, what is -2 + 77a49e4?
77a49e2
In base 4, what is 30312 - 11112322?
-11022010
In base 7, what is 512362 + 11343?
524035
In base 9, what is -3 + 4682857?
4682854
In base 11, what is -469 - -12894?
12426
In base 12, what is 7711a577 - -4?
7711a57b
In base 15, what is 6edb + -6886?
655
In base 13, what is -30 - 280097?
-2800c7
In base 12, what is 7a6a9 + a8?
7a795
In base 13, what is 609bb - 37?
60984
In base 13, what is -1 - -35983431?
35983430
In base 13, what is c0a - -1041?
1c4b
In base 16, what is -4351 + -1536?
-5887
In base 5, what is -32 - 140042220?
-140042302
In base 6, what is -221 + 11410535?
11410314
In base 11, what is 1 + -a65551?
-a65550
In base 9, what is -1012154 + 381?
-1011663
In base 11, what is 8342 + -3975?
4478
In base 3, what is 12110 + 12022210?
12112020
In base 13, what is 3c859cb + -2?
3c859c9
In base 2, what is -10110011110011000111 + 11111?
-10110011110010101000
In base 13, what is -245528 - -191?
-245367
In base 10, what is 125 + -129764?
-129639
In base 16, what is 1 - -5729c4?
5729c5
In base 2, what is 1010010101000011010 - 11101?
1010010100111111101
In base 12, what is -439 - -7697?
725a
In base 2, what is 1010110101001 + -111101010?
1001110111111
In base 7, what is 1225002 + -2551?
1222121
In base 11, what is 306 + 181717?
181a22
In base 7, what is 11153 - -103313?
114466
In base 6, what is 0 + -30203202?
-30203202
In base 8, what is 1162335 + 12?
1162347
In base 9, what is -32055834 - 27?
-32055862
In base 3, what is -11010101 + -11000220?
-22011021
In base 7, what is -56636161 - -5?
-56636153
In base 11, what is 1599184 + -4?
1599180
In base 11, what is 4 + 178487a?
1784883
In base 9, what is 376370451 + 3?
376370454
In base 6, what is -2005 + 435442?
433433
In base 14, what is -6c + -18162?
-181d0
In base 2, what is 11000101010111 + 1000010001011?
100000111100010
In base 8, what is -262174 - 400?
-262574
In base 8, what is -1222 - 5450?
-6672
In base 13, what is -4 + 1912c48?
1912c44
In base 7, what is 20363 - 425653?
-405260
In base 2, what is -1010110001 + 110011101001110100?
110011011111000011
In base 11, what is -5530198 + -1?
-5530199
In base 3, what is -210020 - -21002202?
20022112
In base 13, what is -1 - 2311589?
-231158a
In base 15, what is ec - 2987c?
-29780
In base 6, what is 201254212 - -1?
201254213
In base 15, what is -1134240 + -5?
-1134245
In base 12, what is -1a3473 + 4a8?
-1a2b87
In base 16, what is -390 - -22572?
221e2
In base 10, what is 289 + 341064?
341353
In base 3, what is -111111000 - 2201211?
-121012211
In base 10, what is -7105453 + -1?
-7105454
In base 2, what is 1111111 - -101011000111?
101101000110
In base 14, what is -2 + 11c5a1b?
11c5a19
In base 12, what is 3 - -599b6318?
599b631b
In base 11, what is -83 - 7509?
-7591
In base 8, what is 4316 - 464467?
-460151
In base 15, what is -20 - -39dc64?
39dc44
In base 14, what is -5 + 166211b1?
166211aa
In base 13, what is caa + -4860?
-3883
In base 10, what is 29143 + -14162?
14981
In base 12, what is b15b404 + 4?
b15b408
In base 5, what is -243111213 - -1?
-243111212
In base 2, what is -1110110011110011010 - -100001?
-1110110011101111001
In base 7, what is 1434224 + 34?
1434261
In base 14, what is -6425 + 5571?
-c94
In base 9, what is -27064721 + 0?
-27064721
In base 9, what is 3622770 - 4?
3622765
In base 8, what is 1 - 2021333?
-2021332
In base 3, what is -1102112 - -1010002?
-22110
In base 12, what is 1767a5431 - 5?
1767a5428
In base 3, what is -210221212101 - 1002?
-210221220110
In base 13, what is -2 + 1431688?
1431686
In base 4, what is -11 + -30331100101?
-30331100112
In base 8, what is -77 - -4030301?
4030202
In base 14, what is 31d + 6640?
695d
In base 4, what is 120302110203033 + 3?
120302110203102
In base 15, what is 8489c - 516?
84386
In base 12, what is 1287 - -3366?
4631
In base 15, what is -12e4211 - 8?
-12e4219
In base 3, what is -112212221020 + 1221?
-112212212022
In base 13, what is -91b8252 - -1?
-91b8251
In base 8, what is -20241313 - 11?
-20241324
In base 10, what is 20833991 - 0?
20833991
In base 2, what is -10 + -110110010100001010010011?
-110110010100001010010101
In base 16, what is -3db1 - -df?
-3cd2
In base 11, what is 12703 - 75?
12639
In base 3, what is 2201221211121 + -212?
2201221210202
In base 5, what is -2 - 34442114?
-34442121
In base 9, what is 1172138 + 32?
1172171
In base 4, what is 1111023 - -1111?
1112200
In base 8, what is 5062 - -54722?
62004
In base 6, what is 0 - -31120110?
31120110
In base 10, what is -57 - 1667875?
-1667932
In base 7, what is -3 + -45333250?
-45333253
In base 13, what is -c1480 + 6?
-c1477
In base 8, what is 10550 + -23643?
-13073
In base 14, what is 0 - 786ab6?
-786ab6
In base 7, what is 21353 - 1122?
20231
In base 9, what is -447 + 122440?
121882
In base 10, what is 27491 - -4?
27495
In base 9, what is -21516748 + 5?
-21516743
In base 15, what is -76d - -4ee48?
4e6ca
In base 10, what is -3779 + -6858?
-10637
In base 6, what is 2550145344 + -41?
2550145303
In base 13, what is 3 + -50262272?
-5026226c
In base 5, what is 21 + -1144144111?
-1144144040
In base 10, what is 0 - -15771474?
15771474
In base 7, what is -12 - -620013313?
620013301
In base 15, what is -e8ad40 + 2?
-e8ad3d
In base 7, what is 3025 + -1421552?
-1415524
In base 15, what is -3 + -105c8?
-105cb
In base 5, what is 303 + 24443341?
24444144
In base 7, what is 16 - 14320?
-14301
In base 14, what is b44d - -2b?
b47a
In base 14, what is a + 2513251?
251325b
In base 9, what is -565 + -46357?
-47033
In base 4, what is -111202330 + 33210?
-111103120
In base 10, what is 0 - -2034111?
2034111
In base 15, what is b4b - -157?
ca3
In base 9, what is 21301 + -44?
21246
In base 7, what is 1 + 1040632033?
1040632034
In base 15, what is -6 + 4d87680?
4d87679
In base 2, what is -10011001000001101000001 + -11010?
-10011001000001101011011
In base 5, what is 1222112 + 341?
1223003
In base 6, what is 1201115 - 4?
1201111
In base 5, what is -3013 - 2222320?
-2230333
In base 5, what is 30401 - 132000?
-101044
In base 8, what is 2606340 - 20?
2606320
In base 14, what is c2 - -415a4?
41686
In base 5, what is -314314034 + -33?
-314314122
In base 3, what is 21100 + 221212200220?
221212222020
In base 11, what is -1 + -94781a?
-947820
In base 11, what is -17142370 - -5?
-17142366
In base 11, what is -289838 - -15?
-289823
In base 12, what is -3b + -560ba?
-56139
In base 6, what is -521 - -212554?
212033
In base 13, what is -57 - 52973?
-529ca
In base 15, what is -3b - -241e4?
241a8
In base 2, what is -1011111010 - 10100100111111?
-10110000111001
In base 9, what is 452534 - -573?
453217
In base 9, what is -66 + -2538020?
-2538086
In base 5, what is -21401010134 + 24?
-21401010110
In base 11, what is -5 - -15021a?
150215
In b